) = -2*t**3 + 27*t**2 - 16*t - 219. Give s(12).
21
Let p(o) = -154*o - 945. Calculate p(-6).
-21
Let i(k) = k**2 + 12*k + 60. What is i(6)?
168
Let s(x) = -x**3 + x**2 + 13*x + 9. Give s(4).
13
Let g(j) = 19930*j - 259086. Give g(13).
4
Let g(r) = -11*r**2 - 2*r + 40. Calculate g(0).
40
Let o(c) = 23*c**3 + 10*c**2 - 5*c + 3. Calculate o(1).
31
Let v(n) = -39*n - 65. Calculate v(-1).
-26
Let v(d) = -d**2 - 109*d - 1520. Determine v(-17).
44
Let q(t) = -t**3 - 56*t**2 + 224*t - 879. Give q(-60).
81
Let t(m) = 2*m**2 + 45*m + 252. What is t(-20)?
152
Let g(w) = 25258*w + 25259. Give g(-1).
1
Let i(o) = -71*o - 2202. What is i(-31)?
-1
Let p(i) = -i**2 + 96*i + 504. What is p(101)?
-1
Let d(o) = 3*o**3 + 169*o**2 - 113*o + 96. What is d(-57)?
39
Let z(s) = -75*s**2 + 148*s + 292. Determine z(-2).
-304
Let y(f) = 13*f**2 - 3273*f - 785. What is y(252)?
-29
Let a(r) = -2*r**2 + 107*r - 304. Determine a(47).
307
Let q(x) = -6*x**2 - 34*x - 29. Calculate q(-5).
-9
Let o(w) = w**3 - 27*w**2 - 25*w - 40. Calculate o(28).
44
Let c(w) = w**3 + 12*w**2 + 47*w + 13. What is c(-3)?
-47
Let p(q) = q**3 + 11*q**2 - 32*q - 5. What is p(-13)?
73
Let a(p) = -p**2 + 36*p + 11777. What is a(-92)?
1
Let s(h) = -h - 467. Determine s(-25).
-442
Let r(w) = w**3 + 26*w**2 - 6*w - 108. Calculate r(-26).
48
Let k(w) = 13*w - 64. Give k(-9).
-181
Let d(i) = 15664*i + 109648. Determine d(-7).
0
Let s(t) = 353*t + 6. What is s(0)?
6
Let x(z) = -4*z**3 - 194*z**2 + 80*z - 883. Calculate x(-49).
-1
Let n(y) = 18*y + 55. Calculate n(-3).
1
Let o(k) = -k**3 + 94*k**2 - k + 91. What is o(94)?
-3
Let d(p) = -13040*p - 65211. Calculate d(-5).
-11
Let y(r) = -79*r + 1647. Calculate y(21).
-12
Let k(h) = h**3 + h**2 + 128*h + 6. Calculate k(0).
6
Let x(b) = -14*b**2 - 1253*b + 643. Give x(-90).
13
Let g(z) = 86*z - 5931. Calculate g(69).
3
Let s(c) = -c**3 + 68*c**2 - 77*c + 11. What is s(67)?
-659
Let g(a) = -a**3 + 19*a**2 + 150*a - 3159. Give g(15).
-9
Let d(z) = -9*z**2 - 46*z - 193. Calculate d(-4).
-153
Let a(t) = -t**2 - 1756*t - 5255. Determine a(-3).
4
Let r(s) = 509*s - 4071. Calculate r(8).
1
Let x(q) = -11*q**2 - 25*q + 33. Calculate x(1).
-3
Let s(r) = -r**3 - 113*r**2 - 643*r - 7. Determine s(-6).
-1
Let x(y) = 117*y - 914. Give x(8).
22
Let b(x) = x**3 + 14*x**2 - 111*x + 8. Calculate b(-20).
-172
Let v(o) = 220*o + 34265. What is v(-156)?
-55
Let o(z) = -z**3 - 139*z**2 + 9*z + 1250. Calculate o(-139).
-1
Let g(i) = -35*i + 1109. What is g(33)?
-46
Let j(r) = r**2 + 5*r - 198. Determine j(-15).
-48
Let k(f) = -215*f + 47723. Calculate k(222).
-7
Let x(k) = 43*k**2 - 1904*k - 1386. What is x(45)?
9
Let n(o) = -4*o**2 - 361*o - 2371. Determine n(-7).
-40
Let i(v) = -51*v + 667. Determine i(13).
4
Let n(j) = 17*j**2 - 29*j + 68. Determine n(5).
348
Let i(l) = -l**2 + 538*l - 14754. What is i(29)?
7
Let g(j) = -563*j + 3946. Calculate g(7).
5
Let f(k) = -k**3 + 10*k**2 - 12*k + 26. Give f(8).
58
Let g(v) = 2*v**3 + 123*v**2 - 3676*v + 44. Calculate g(22).
0
Let d(r) = -1231*r + 4917. Give d(4).
-7
Let h(x) = -872*x + 39237. Calculate h(45).
-3
Let l(v) = 157*v - 15244. Calculate l(97).
-15
Let h(c) = 2*c**3 + 21*c**2 - 54*c - 11. Give h(3).
70
Let h(z) = 2*z**3 + 133*z**2 + 70*z + 263. What is h(-66)?
-1
Let c(d) = -9*d**2 - 249*d + 101. Give c(-28).
17
Let a(n) = 2*n**3 - 317*n**2 + 143*n + 2362. Determine a(158).
-8
Let r(v) = -3399*v - 6812. Give r(-2).
-14
Let q(f) = -2*f**3 + 109*f**2 + 56*f - 68. Calculate q(55).
-13
Let y(q) = q**3 + 21*q**2 + 24*q + 564. What is y(-21)?
60
Let f(b) = -14*b**2 - 19*b - 56. Determine f(-4).
-204
Let h(v) = -v**3 + 15*v**2 + 97*v - 774. What is h(18)?
0
Let k(r) = r**2 - 45*r + 482. What is k(25)?
-18
Let a(h) = -2*h**2 - 81*h + 225. Determine a(-43).
10
Let d(s) = 4*s**3 + 89*s**2 + 466*s - 315. Give d(-12).
-3
Let j(g) = g**3 + 21*g**2 + 35*g - 355. What is j(-18)?
-13
Let y(i) = i**3 - 16*i**2 + 15*i + 1. Determine y(-3).
-215
Let w(g) = 151*g - 1171. What is w(8)?
37
Let j(l) = 2*l**3 - 12*l**2 + 60*l - 284. Calculate j(5).
-34
Let n(f) = -2*f**3 + 8*f**2 + 14*f - 10. Calculate n(5).
10
Let b(x) = -x**2 + 25*x - 65. Determine b(21).
19
Let p(h) = 104*h + 14252. Determine p(-137).
4
Let j(s) = s**3 - 30*s**2 - 96*s + 79. What is j(33)?
178
Let p(s) = 8549*s - 76943. What is p(9)?
-2
Let x(t) = -396*t + 93847. Calculate x(237).
-5
Let m(p) = -2032*p + 16276. Give m(8).
20
Let y(i) = 3*i - 14. Determine y(5).
1
Let w(v) = -v**2 + 44*v - 48. What is w(42)?
36
Let t(q) = 65*q - 28. Determine t(-1).
-93
Let v(m) = 237*m - 1328. Give v(7).
331
Let k(b) = b**3 - 87*b**2 + 100*b - 1225. What is k(86)?
-21
Let f(d) = -4*d**3 + 306*d**2 - 147*d - 366. Give f(76).
14
Let a(o) = 34*o - 4121. Determine a(117).
-143
Let y(w) = -3*w**2 + 22*w - 51. What is y(5)?
-16
Let d(u) = u**3 + 61*u**2 - 4*u - 202. Determine d(-61).
42
Let n(s) = -13*s + 52. Give n(-7).
143
Let y(r) = r**2 + 44*r + 111. Determine y(-42).
27
Let a(i) = 2*i**2 + 39*i - 100. Give a(-22).
10
Let o(v) = 82*v + 193. Calculate o(1).
275
Let m(t) = 15*t - 42. What is m(6)?
48
Let q(m) = 59*m - 219. Give q(6).
135
Let v(o) = -o**2 + 64*o - 877. Determine v(43).
26
Let o(p) = -25*p + 94. Calculate o(-6).
244
Let y(b) = -5*b**2 + 102*b + 231. Calculate y(-2).
7
Let g(n) = 42*n - 35. Determine g(-1).
-77
Let y(l) = 3*l**2 + 251*l - 988. Give y(4).
64
Let u(s) = s**2 - 10*s - 239. What is u(24)?
97
Let k(z) = 2*z**2 + 2181*z - 60348. Determine k(27).
-3
Let k(i) = 2*i**2 + 17*i - 2. Calculate k(-7).
-23
Let j(q) = -201*q + 1211. Give j(6).
5
Let a(u) = u**3 + 61*u**2 + 111*u - 593. What is a(-59)?
-180
Let i(m) = -2*m**2 - 59*m + 5. Determine i(-31).
-88
Let y(p) = 3337*p - 3327. Calculate y(1).
10
Let d(w) = -w**3 - 40*w**2 - 6*w - 216. What is d(-40)?
24
Let v(f) = -5*f**2 + 384*f - 2699. What is v(69)?
-8
Let m(y) = y**3 - 17*y**2 + 46*y + 88. Determine m(13).
10
Let p(k) = k**2 - 42*k + 67. Calculate p(41).
26
Let v(r) = -r**3 + r**2 - 106*r - 505. Calculate v(-4).
-1
Let o(r) = 5*r**2 + 1577*r - 6383. Calculate o(4).
5
Let l(y) = -50*y**2 - 1305*y - 127. Calculate l(-26).
3
Let r(u) = u**3 - 50*u**2 - 109*u + 44. What is r(52)?
-216
Let l(r) = r**3 + 8*r**2 + 9*r + 67. Give l(-8).
-5
Let k(s) = -170*s + 1361. Calculate k(8).
1
Let q(u) = 14*u - 407. Determine q(13).
-225
Let v(l) = -l**3 + 14*l**2 - 23*l + 40. Calculate v(12).
52
Let f(a) = a**3 + 7*a**2 + 2*a - 27. Give f(-5).
13
Let r(y) = -2*y**3 - 15*y**2 + 42*y + 150. Calculate r(-5).
-185
Let q(z) = -2*z**2 + 11*z + 69. What is q(-4)?
-7
Let w(u) = -7160*u + 85927. What is w(12)?
7
Let z(q) = -q**2 - q + 3. Determine z(14).
-207
Let v(z) = 12*z**2 - 21*z - 235. Calculate v(-4).
41
Let z(j) = j**2 - 20*j - 2286. Calculate z(-39).
15
Let i(a) = 25*a + 825. Give i(-33).
0
Let n(g) = -121*g - 269. Determine n(-7).
578
Let w(x) = -2*x**2 + 25*x - 77. Determine w(8).
-5
Let p(u) = -u**2 + 317*u - 12246. Calculate p(272).
-6
Let f(c) = 19*c + 750. Determine f(-39).
9
Let p(c) = 3*c**2 - 38*c - 1378. Give p(-16).
-2
Let z(p) = p**3 - 2*p**2 + 5*p + 1. What is z(2)?
11
Let p(z) = -z**2 - 30*z + 42204. Give p(-221).
-7
Let i(s) = -2*s**2 + 18*s + 893. Calculate i(26).
9
Let m(b) = -2*b**2 - 1. Give m(0).
-1
Let l(k) = -17*k**2 + 142*k - 142. Calculate l(1).
-17
Let y(h) = -h**3 - 24*h**2 + 57*h - 60. What is y(-26)?
-190
Let p(v) = -5*v**3 + 3*v**2 + 6*v - 3. Determine p(3).
-93
Let r(c) = -c**3 - 6*c**2 + 220*c + 1244. What is r(-6)?
-76
Let j(c) = -c**2 + 4*c + 147. Calculate j(17).
-74
Let p(o) = o**3 - 18*o**2 - 34*o + 487. Give p(19).
202
Let j(c) = c**2 + 3305*c - 23203. Give j(7).
-19
Let w(r) = 42*r**2 + 89*r. Calculate w(-3).
111
Let h(c) = -c**3 + 61*c**2 - 585*c - 31. Give h(12).
5
Let q(l) = -27*l + 1156. Calculate q(42).
22
Let a(o) = -o**3 + 11*o**2 + 34*o - 374. Calculate a(11).
0
Let x(p) = 685*p - 2065. What is x(3)?
-10
Let h(c) = -190*c - 6241. Determine h(-33).
29
Let k(y) = 2214*y**2 + y - 6. Give k(0).
-6
Let i(a) = -11*a**2 + 403*a + 2028. Determine i(-5).
-262
Let y(l) = -l**2 - 610*l + 50614. Give y(74).
-2
Let h(i) = i**3 + 57*i**2 + 352*i + 84. What is h(-50)?
-16
Let g(r) = r**3 + 11*r**2 - 222*r - 258. Determine g(-21).
-6
Let k(p) = -502*p - 8030. Determine k(-16).
2
Let a(w) = -3*w**2 - 89*w - 524.